 + 15. Let c(v) = -3*j(v) - 4*s(v). Calculate c(-9).
-3
Let u = -2655 + 2649. Let b(o) be the third derivative of -o**5/60 - o**4/3 + 5*o**3/6 - o**2. Give b(u).
17
Let v be 12/(-9) + 260/6. Let y(j) = v*j - 6 - 3 - 21*j - 20*j. What is y(6)?
-3
Suppose -20 + 0 = -5*u. Suppose -5*n + 38 = -u*l, -3*n - 5*l = -l - 10. Let w(r) = r**2 - 7*r + 5. Give w(n).
-1
Let a = 0 - 0. Let t(f) = f**2 - 3*f + 3. Let o be t(a). Let y(b) = 2*b - 1. Give y(o).
5
Let n be 1*(-2)/(-5 - -7)*1. Let t(x) = -2*x - 5. Give t(n).
-3
Let j(l) = 37*l - 3*l + l**2 - 9 - 14*l - 12*l. Give j(-9).
0
Let i(a) = -2*a**3 - a**2 - 4*a + 3. Let g = 96 - 100. Let r be (-6)/(-4) - (g - (-42)/12). Calculate i(r).
-25
Let q(v) = -v**2 - 10. Let s(a) = -6*a**2 + 3*a - 51. Let t(i) = -11*q(i) + 2*s(i). Determine t(8).
-8
Let y(k) = -2*k - 229 - 6*k**3 + k + 233 + 7*k**3. Determine y(-3).
-20
Let f(h) be the first derivative of h**3/3 + 2*h**2 + 11*h - 261. Calculate f(-5).
16
Let n(g) be the second derivative of g**4/6 - 2*g**3/3 - 12*g**2 - 27*g. Let u(x) be the first derivative of n(x). Calculate u(5).
16
Let m(x) = 5*x**2 - 5*x + 3. Let d(o) = -4*o**2 + 5*o - 2. Let j(a) = 6*d(a) + 5*m(a). Suppose 2*b - 12 = 16. Suppose b = -9*v - 31. What is j(v)?
3
Suppose -4 = u - 11. Suppose 2*i = 5*j - u, 4*i - j = j - 6. Let f(x) = 5*x**2 + x. Determine f(i).
4
Suppose -29 = -3*t - r, 17*t = 21*t - 2*r - 32. Let z(j) = -2*j + 13. Give z(t).
-5
Let s(g) = -21*g + 33*g - 4 - 2 - 18*g + 2*g**2. Let n(y) = -2*y - 3. Suppose -4*d + 6*d = -8, 5*a + d = -24. Let c be n(a). Calculate s(c).
14
Let o(x) = -13*x - 8. Let g(s) = -259*s - 161. Let w(t) = 6*g(t) - 119*o(t). Let z(r) = 4*r + 7. Let y(a) = -3*w(a) - 5*z(a). What is y(-5)?
2
Let b(w) = -5*w - 1. Suppose -3*s + 40 = 5*i, -s + 4*i - 35 = -4*s. What is b(s)?
-26
Let t(k) be the first derivative of -2*k + 1/3*k**3 - 18 + 0*k**2. Calculate t(3).
7
Let q(d) = 553*d + 85 - 280*d - 276*d. Determine q(26).
7
Let c(r) = 2*r**2 + r - 7. Let t be c(2). Suppose -t*p - 10 = -4. Let f(s) = 3*s**2 + s - 1. Calculate f(p).
9
Let z(k) = -k + 9. Let p(u) = 4*u - 16. Let t(x) = -4*p(x) - 7*z(x). Determine t(-1).
10
Let w(s) = -s - 6. Let a be (9 - 42/4)*(-44)/6. What is w(a)?
-17
Let n(l) be the first derivative of -l**2 - l - 1037. Give n(7).
-15
Let u(n) be the third derivative of -5*n**4/24 + n**3 + 114*n**2. What is u(11)?
-49
Let m = -4 + 2. Let u(c) be the third derivative of 0 + 0*c + 1/2*c**3 - 47*c**2 + 1/3*c**4. What is u(m)?
-13
Let o(m) be the third derivative of m**5/60 - 5*m**3/6 - 7*m**2. Let y(t) be the first derivative of o(t). Calculate y(-2).
-4
Let q(b) = b**3 + b**2 - 3*b + 3. Let x(z) = -6*z**2 + 47*z + 5. Let o be x(8). Calculate q(o).
-6
Let z(m) be the second derivative of m**5/20 + 11*m**4/12 + 11*m**3/6 + 15*m**2/2 + m + 6. Give z(-10).
5
Suppose -2*z + 5*p = -5, 28*p = -2*z + 24*p - 40. Let m(u) = -u**3 - 10*u**2 - u. What is m(z)?
10
Let q be (-10*12/(-30))/2. Let o(a) be the third derivative of 1/60*a**5 + 0 + 7*a**q + 1/6*a**3 + 0*a + 0*a**4. Give o(-2).
5
Let n(f) = -f - 1. Let x(b) = -b**2 - 7*b - 7. Let u(c) = -6*n(c) + x(c). Give u(0).
-1
Let d(p) be the first derivative of p**4/4 - p**3/3 + p**2/2 - p - 102. Suppose -f - 3 = 0, -c + 5*f + 14 + 3 = 0. Determine d(c).
5
Let m be (-20)/(-3)*(-45)/(-25). Let x(b) = -m - 10*b**2 - b**3 + 2 + 5 - b. Give x(-10).
5
Let y(n) = -403*n - 9 + 402*n - 6. Let m = 15 + -15. What is y(m)?
-15
Let n(y) be the third derivative of -y**4/24 + y**2. Let k(s) = -33 + 19 + 13. Let t(b) = -2*k(b) - n(b). Determine t(2).
4
Suppose 37 = -2*a + 5*x, -2*a = -x + 13 + 4. Let c(p) be the first derivative of p**5/120 - p**3/3 + 1. Let v(q) be the third derivative of c(q). Give v(a).
-6
Let v(d) = d**3 + 8*d**2 - 2*d + 9. Let w(s) = -s**3 + s**2 + 2*s + 1. Let x(h) = -v(h) - 2*w(h). Calculate x(10).
-31
Let v = -33 - -35. Let p be 0*v/(3 - -3). Suppose p*t - 2*t + 5*i + 18 = 0, -2*i + 12 = 4*t. Let r(u) = u - 3. Give r(t).
1
Let w(p) = p**3 - 9*p**2 - 8*p - 16. Let r be w(10). Let l(q) = -2*q - 3*q + r*q. What is l(3)?
-3
Let t(l) be the first derivative of -l**3/3 + l**2/2 + 15*l + 506. Calculate t(0).
15
Let h = 187 - 191. Let c(k) be the first derivative of k**4/4 + k**3 - 2*k**2 - 5*k + 1. Determine c(h).
-5
Let w(g) = 11*g**2 + 6 + 2*g**3 + 18 + 0*g**3 - 3*g**3 - 14 + 11*g. Give w(12).
-2
Suppose 4*h - 9 = -9. Let r(t) = t**2 + 3*t + 9. What is r(h)?
9
Let y(g) be the third derivative of -g**4/3 - g**3/2 - 17*g**2. What is y(-3)?
21
Let z(f) = -9*f**2 - 316*f + 8*f**2 + 312*f - 2. Calculate z(-3).
1
Let c(m) be the second derivative of -m**5/24 + m**4/6 + 5*m**3/3 + 23*m. Let z(w) be the second derivative of c(w). Calculate z(6).
-26
Let g(h) = -h**2 - h + 1. Let k(r) = 3*r**3 - 3*r**3 + 15*r + r**3 - 8 - 12*r**2 - 3*r. Let o be k(11). Suppose 10*p - o = 7*p. Determine g(p).
-1
Suppose 0 = -3*x - 5*t - 40, -x = 3*t + 7 + 1. Let a = -17 - x. Let g(z) = -2 - z + 5*z**3 + z**2 - a - 6*z**3 + 0*z. Calculate g(0).
-5
Let x(p) = -p - 1. Suppose -1 = -4*t - 13. Let l = t + 15. Suppose -q = 3*q - l. Determine x(q).
-4
Let s(q) = q**2 - 9*q + 11. Suppose 6 = 3*m - 18. Let v be s(m). Let a be (5 + -2)*v/9. Let n(c) = 5*c**2 - 2*c + 1. Give n(a).
4
Let o(v) = -4*v**3 + 3*v - 2*v**3 + 2*v**2 + 5*v**3. Suppose -3*z + 8 = -m, 4*z - m = 4 + 7. Suppose 0 = -5*b - 0*w + w - 15, 4*b - z*w = -23. What is o(b)?
10
Let y(q) = -q**2 - 13*q + 17. Let d be y(-14). Suppose -18 = -f + d*c, -5*f - 5*c - 8 - 2 = 0. Let z(g) = 8*g**f - 12*g**3 + g - 11*g**3. Give z(1).
-14
Let n(g) = -g**2 + 11*g - 7. Suppose 0 = 4*x - 2*u + 216, 2*u = -x - x - 120. Let f = -49 - x. Calculate n(f).
21
Let d(v) = v + 5. Let c(t) = -t**2 - 12*t - 11. Let z be c(-11). Suppose 0*y + z*y = -2*y. Give d(y).
5
Let x(f) = -3*f**2 - f + 1. Suppose 0 = 2*m - 18 + 2. Let d(k) = -k**2 + 8*k + 7. Let z be d(m). Let s = -5 + z. Give x(s).
-13
Let q(p) = -3*p - 7. Let k = -298 - -293. What is q(k)?
8
Suppose 3*k + 0*m - 8 = 2*m, k - 6 = 4*m. Suppose -q + f = -6, -k*q = -q + 5*f + 18. Suppose -10 = 4*p - q. Let c(l) = -2*l - 3. What is c(p)?
1
Let n be 5 + -9*8/12. Let k(s) = 5*s + 1. Let y(t) = 11*t + 2. Let u(m) = 9*k(m) - 4*y(m). Calculate u(n).
0
Let g = 718/3 - 239. Let b(p) be the first derivative of -4*p**2 - 5*p - g*p**3 - 1. What is b(-4)?
11
Let f(g) = -g**3 - 6*g**2. Let l be f(-6). Let v(i) = i + 12424 - 12424 + i**2. Determine v(l).
0
Suppose 0 = r - 0*r - 6. Suppose 2*q - r*b + 2*b + 2 = 0, -3*q - 25 = 5*b. Let n(v) = 5 - 1 - v + 0. Determine n(q).
9
Let q = -980 + 978. Let z(h) = h**3 + 3*h**2 - 3*h - 4. What is z(q)?
6
Let s(c) = 6*c**2 - 8*c + 95. Let r(a) = -2*a**2 + 2*a - 33. Let m(v) = -17*r(v) - 6*s(v). Determine m(6).
3
Let q(r) be the first derivative of -r**4/4 - 5*r**3/3 - r**2 + 3*r + 10. Suppose -5*s + 13 + 2 = 0. Suppose -9 = s*k + n, -3*n = -6*k + 2*k - 12. Give q(k).
-9
Let z(t) = -11*t**3 + 28*t**2 - 12*t - 15. Let v(k) = 31*k**3 - 82*k**2 + 37*k + 46. Let r(d) = 6*v(d) + 17*z(d). What is r(-17)?
4
Suppose 0*u + 3*u - 3*x = 12, 3*u = -4*x - 23. Let k(b) = -18*b - 1. Determine k(u).
17
Let w(m) = -2*m**3 + 6*m. Let k(z) = -3*z**3 - z**2 + 9*z. Let h(t) = -3*k(t) + 4*w(t). Give h(-4).
-4
Let a(g) be the third derivative of -g**5/60 + 11*g**4/24 - 3*g**3/2 - 228*g**2. Suppose 0 = -5*t + 2*k + 38, 15 + 5 = -5*k. What is a(t)?
21
Let r(s) = 6*s**3 - s. Suppose 3*m = 4*m - 4. Suppose 0 = -5*h + 3*v + 27, -2*v + 14 - 34 = -m*h. Suppose 3*n = -2*w + 3 - 2, 0 = -3*w - h. Give r(n).
5
Let p(j) = -9*j + 3. Let f(h) = -8*h + 2. Let g(q) = -5*f(q) + 4*p(q). Let k(l) = 2*l**2 - 2*l + 22. Let y be k(6). Let c = -84 + y. Calculate g(c).
-6
Let x(b) = 5*b**2 - b. Let o be ((-10)/(-35))/(6/21). Calculate x(o).
4
Let t(f) = 5*f**2 - 8*f - 2. Let n(m) = -11*m**2 + 17*m + 5. Let v(q) = -4*n(q) - 9*t(q). Suppose 4*i + 15 = 9*i. Give v(i).
1
Let g(d) = 7*d**3 - 5*d**2 + 2*d - 8. Let h(o) = -2*o**3 - o + 1. Let u(f) = g(f) + 4*h(f). Suppose 0*v = 3*v + 15. Give u(v).
6
Let v be (-6)/((-20)/(100/(-10))). Let z(h) be the third derivative of h**6/120 + h**5/20 + h**4/8 + h**3/6 + 3*h**2. Determine z(v).
-8
Let c(m) = m**2 + 12*m - 16. Let b be c(-13). Let o be (b/2)/((-3)/(-8)). Let v(r) = r + 2. What is v(o)?
-2
Suppose -5*x + 2 + 28 = 0. Suppose x*g = 1